{"id":24926,"date":"2026-04-16T13:12:51","date_gmt":"2026-04-16T13:12:51","guid":{"rendered":"https:\/\/toy-dem.ro\/?post_type=product&#038;p=24926"},"modified":"2026-04-16T13:12:51","modified_gmt":"2026-04-16T13:12:51","slug":"placa-par-sencor","status":"publish","type":"product","link":"https:\/\/toy-dem.ro\/index.php\/produs\/placa-par-sencor\/","title":{"rendered":"PLACA PAR SENCOR"},"content":{"rendered":"<p>Creeaz\u0103 o coafur\u0103 frumoas\u0103 \u00een doar c\u00e2teva momente! Placa de p\u0103r Sencor SHI 1100BK poate \u00eendrepta chiar \u0219i p\u0103rul cre\u021b. Pl\u0103ci acoperite cu titan care distribuie uniform c\u0103ldura, iar p\u0103rul trece u\u0219or printr ele.<\/p>\n<p>Se \u00eenc\u0103lze\u0219te rapid, este foarte u\u0219oar\u0103 \u0219i are un cablu adaptabil.<br \/>\nDe asemenea,are un design sub\u021bire \u0219i rotunjit, pe care \u00eel pute\u021bi folosi pentru \u00eendreptarea \u0219i ondularea u\u0219oar\u0103 a p\u0103rului. Cablul rotativ la 360\u00b0 nu va interfera nic\u0103ieri \u0219i se va adapta perfect la manipulare.<\/p>\n<p>Suprafa\u021b\u0103 din titan a pl\u0103cilor de \u00eendreptat pentru confort maxim \u0219i cele mai bune rezultate<br \/>\nDesign sub\u021bire, ideal pentru \u00eendreptarea p\u0103rului \u0219i coafarea \u0219uvi\u021belor<br \/>\nBlocare de siguran\u021b\u0103 la deschidere \u0219i \u00eenchidere<br \/>\nCablu de alimentare se rote\u0219te la 360\u00b0 pentru a preveni r\u0103sucirea \u0219i \u00eencurcarea<br \/>\nCablu de alimentare acoperit cu material textil protector pentru siguran\u021b\u0103 maxim\u0103<br \/>\nCablu de alimentare lung de 180 cm pentru confort maxim<\/p>\n<p>Design ultrau\u0219or, doar 235 g<br \/>\n\u00centrerup\u0103tor pornit\/oprit cu iluminare ro\u0219ie<br \/>\nTehnologie de ionizare pasiv\u0103<\/p>\n<p>\u00cendreapt\u0103 p\u0103rul u\u0219or \u0219i simplu<br \/>\nSuprafa\u021b\u0103 de \u00eendreptat cu transfer optim de c\u0103ldur\u0103 pentru o utilizare mai confortabil\u0103<\/p>\n<p>Timp de \u00eenc\u0103lzire la 220 \u00b0C: 2 min<br \/>\nSuprafa\u021ba pl\u0103cii: 100 \u00d7 25 mm<br \/>\nPutere consumat\u0103: 45 W<br \/>\nDimensiuni: 285 \u00d7 32 \u00d7 36 mm<br \/>\nGreutate: 235 g<br \/>\nCuloare: negru<\/p>\n","protected":false},"excerpt":{"rendered":"<p>Creeaz\u0103 o coafur\u0103 frumoas\u0103 \u00een doar c\u00e2teva momente! Placa de p\u0103r Sencor SHI 1100BK poate \u00eendrepta chiar \u0219i p\u0103rul cre\u021b. Pl\u0103ci acoperite cu titan care distribuie uniform c\u0103ldura, iar p\u0103rul trece u\u0219or printr ele. Se \u00eenc\u0103lze\u0219te rapid, este foarte u\u0219oar\u0103 \u0219i are un cablu adaptabil. De asemenea,are un design sub\u021bire \u0219i rotunjit, pe care \u00eel [&hellip;]<\/p>\n","protected":false},"featured_media":24938,"comment_status":"open","ping_status":"closed","template":"","meta":[],"product_brand":[159],"product_cat":[200],"product_tag":[],"class_list":{"0":"post-24926","1":"product","2":"type-product","3":"status-publish","4":"has-post-thumbnail","6":"product_brand-sencor","7":"product_cat-ingrijire-personala","9":"first","10":"instock","11":"sale","12":"shipping-taxable","13":"purchasable","14":"product-type-simple"},"exclude_global_add_ons":[],"addons":[],"_links":{"self":[{"href":"https:\/\/toy-dem.ro\/index.php\/wp-json\/wp\/v2\/product\/24926","targetHints":{"allow":["GET"]}}],"collection":[{"href":"https:\/\/toy-dem.ro\/index.php\/wp-json\/wp\/v2\/product"}],"about":[{"href":"https:\/\/toy-dem.ro\/index.php\/wp-json\/wp\/v2\/types\/product"}],"replies":[{"embeddable":true,"href":"https:\/\/toy-dem.ro\/index.php\/wp-json\/wp\/v2\/comments?post=24926"}],"wp:featuredmedia":[{"embeddable":true,"href":"https:\/\/toy-dem.ro\/index.php\/wp-json\/wp\/v2\/media\/24938"}],"wp:attachment":[{"href":"https:\/\/toy-dem.ro\/index.php\/wp-json\/wp\/v2\/media?parent=24926"}],"wp:term":[{"taxonomy":"product_brand","embeddable":true,"href":"https:\/\/toy-dem.ro\/index.php\/wp-json\/wp\/v2\/product_brand?post=24926"},{"taxonomy":"product_cat","embeddable":true,"href":"https:\/\/toy-dem.ro\/index.php\/wp-json\/wp\/v2\/product_cat?post=24926"},{"taxonomy":"product_tag","embeddable":true,"href":"https:\/\/toy-dem.ro\/index.php\/wp-json\/wp\/v2\/product_tag?post=24926"}],"curies":[{"name":"wp","href":"https:\/\/api.w.org\/{rel}","templated":true}]}}